{"id":23,"date":"2025-01-10T15:23:49","date_gmt":"2025-01-10T15:23:49","guid":{"rendered":"https:\/\/linktravel.mk\/?page_id=23"},"modified":"2025-01-10T21:01:44","modified_gmt":"2025-01-10T21:01:44","slug":"rreth-nesh","status":"publish","type":"page","link":"https:\/\/linktravel.mk\/index.php\/rreth-nesh\/","title":{"rendered":"RRETH NESH"},"content":{"rendered":"\n<p>Link Travel, me seli n\u00eb Gostivar, \u00ebsht\u00eb agjencia udh\u00ebtimi q\u00eb ofron mund\u00ebsi t\u00eb pafundme p\u00ebr t\u00eb zbuluar destinacione t\u00eb ve\u00e7anta brenda dhe jasht\u00eb vendit. Ne specializohemi n\u00eb udh\u00ebtime t\u00eb personalizuara q\u00eb ofrojn\u00eb p\u00ebrvoja t\u00eb paharrueshme, me fokus n\u00eb pushime verore, turiz\u00ebm kulturor dhe aventurist. Ne jemi t\u00eb fokusuar n\u00eb ofrimin e p\u00ebrvojave t\u00eb paharrueshme p\u00ebr \u00e7do lloj udh\u00ebtimi, duke ofruar mund\u00ebsi p\u00ebr t&#8217;u njohur me destinacione t\u00eb ve\u00e7anta dhe t\u00ebrheq\u00ebse si Parisi, Roma, Londra, Barcelona, dhe Amsterdam. Gjithashtu, ne ofrojm\u00eb mund\u00ebsi p\u00ebr t\u00eb vizituar qytetet e tjera kryesore evropiane si Berlini, Vjena, Praga, Madrid, dhe Lisboa, t\u00eb cilat ofrojn\u00eb nj\u00eb miks t\u00eb pasur kulturor, historik dhe modern. <br>udh\u00ebtime t\u00eb personalizuara dhe ofrojm\u00eb mund\u00ebsi p\u00ebr t\u00eb vizituar disa nga destinacionet m\u00eb t\u00eb njohura p\u00ebr pushime verore, duke p\u00ebrfshir\u00eb <strong>Antalya<\/strong> dhe bregdetin e bukur turk, <strong>Hurgada<\/strong> n\u00eb Egjipt p\u00ebr plazhe t\u00eb mrekullueshme dhe uj\u00ebra t\u00eb kristalta, si dhe <strong>Tunis<\/strong> p\u00ebr nj\u00eb p\u00ebrvoj\u00eb unike t\u00eb kultur\u00ebs dhe plazheve t\u00eb magjishme.<\/p>\n\n\n\n<p>P\u00ebr ata q\u00eb k\u00ebrkojn\u00eb luks dhe relaksim total, ne ofrojm\u00eb mund\u00ebsi p\u00ebr t\u00eb vizituar <strong>Maldivet<\/strong>, me plazhe t\u00eb bardha dhe uj\u00ebra tropikale t\u00eb qeta, ose <strong>Dubai<\/strong>, ku mund t\u00eb shijoni luksin, aktivitete emocionuese dhe pamje spektakolare. Po ashtu, ne mund t\u00eb organizojm\u00eb ekskursione p\u00ebr pushime t\u00eb paharrueshme n\u00eb <strong>Bregun e Kuq<\/strong> dhe qytete t\u00eb tjera t\u00eb njohura p\u00ebr turizmin bregdetar.<br>Disa nga destinacionet m\u00eb t\u00eb preferuara q\u00eb mund t\u00eb zgjidhni p\u00ebr pushimet tuaja verore p\u00ebrfshijn\u00eb plazhet e mrekullueshme t\u00eb Rivier\u00ebs Turke, bregdetin e Greqis\u00eb dhe Malit t\u00eb Zi, si dhe bregdetet e Shqip\u00ebris\u00eb dhe Kroacis\u00eb.<\/p>\n\n\n\n<p>Po ashtu, p\u00ebr ata q\u00eb duan nj\u00eb pushim relaksues, mund t\u00eb ofrojm\u00eb ekskursione n\u00eb qytete evropiane si Parisi, Roma, Londra, Barcelona,  Madridi, Milano, Amsterdam etj, ku mund t\u00eb shijoni kultur\u00ebn, historin\u00eb dhe bukurit\u00eb natyrore. Pushimet verore jan\u00eb mund\u00ebsia ideale p\u00ebr t\u00eb vizituar qytete si Athina, Dubrovniku, Vjena, Lisbona, Budapesti,  t\u00eb cilat ofrojn\u00eb nj\u00eb miks t\u00eb pasur t\u00eb natyr\u00ebs dhe trash\u00ebgimis\u00eb kulturore. <\/p>\n\n\n\n<p>N\u00eb Link Travel, ofrojm\u00eb gjithashtu mund\u00ebsi p\u00ebr udh\u00ebtime p\u00ebr grupe, aktivitete me guid\u00eb profesionale, dhe mund\u00ebsi t\u00eb tjera q\u00eb e b\u00ebjn\u00eb \u00e7do udh\u00ebtim t\u00eb sigurt dhe t\u00eb rehatsh\u00ebm. Pushimet verore me Link Travel do t&#8217;ju japin mund\u00ebsin\u00eb t\u00eb kaloni momente t\u00eb paharrueshme dhe t\u00eb shijoni destinacione unike, me sh\u00ebrbime t\u00eb p\u00ebrshtatura p\u00ebr \u00e7do udh\u00ebtar.<\/p>\n\n\n\n<p><\/p>\n","protected":false},"excerpt":{"rendered":"<p>Link Travel, me seli n\u00eb Gostivar, \u00ebsht\u00eb agjencia udh\u00ebtimi q\u00eb ofron mund\u00ebsi t\u00eb pafundme p\u00ebr t\u00eb zbuluar destinacione t\u00eb ve\u00e7anta brenda dhe jasht\u00eb vendit. Ne specializohemi n\u00eb udh\u00ebtime t\u00eb personalizuara q\u00eb ofrojn\u00eb p\u00ebrvoja t\u00eb paharrueshme, me fokus n\u00eb pushime verore,&#8230;<\/p>\n","protected":false},"author":1,"featured_media":0,"parent":0,"menu_order":0,"comment_status":"closed","ping_status":"closed","template":"","meta":{"footnotes":""},"class_list":["post-23","page","type-page","status-publish","hentry"],"jetpack_sharing_enabled":true,"_links":{"self":[{"href":"https:\/\/linktravel.mk\/index.php\/wp-json\/wp\/v2\/pages\/23","targetHints":{"allow":["GET"]}}],"collection":[{"href":"https:\/\/linktravel.mk\/index.php\/wp-json\/wp\/v2\/pages"}],"about":[{"href":"https:\/\/linktravel.mk\/index.php\/wp-json\/wp\/v2\/types\/page"}],"author":[{"embeddable":true,"href":"https:\/\/linktravel.mk\/index.php\/wp-json\/wp\/v2\/users\/1"}],"replies":[{"embeddable":true,"href":"https:\/\/linktravel.mk\/index.php\/wp-json\/wp\/v2\/comments?post=23"}],"version-history":[{"count":6,"href":"https:\/\/linktravel.mk\/index.php\/wp-json\/wp\/v2\/pages\/23\/revisions"}],"predecessor-version":[{"id":111,"href":"https:\/\/linktravel.mk\/index.php\/wp-json\/wp\/v2\/pages\/23\/revisions\/111"}],"wp:attachment":[{"href":"https:\/\/linktravel.mk\/index.php\/wp-json\/wp\/v2\/media?parent=23"}],"curies":[{"name":"wp","href":"https:\/\/api.w.org\/{rel}","templated":true}]}}